. What is l(4)?
5
Let z(s) = -8*s + 4. Determine z(3).
-20
Let d(w) = w**2 + 9*w - 3. Calculate d(-4).
-23
Let i(r) = 2*r**3 + 13*r**2 + 4*r + 4. Calculate i(-6).
16
Let p(t) = 2*t**2 + 2*t + 7. What is p(3)?
31
Let i(a) = -a - 4. Calculate i(2).
-6
Let o(s) = -s**3 + 7*s**2 + 4*s - 20. What is o(6)?
40
Let w(m) = m**2 - 18*m - 38. Determine w(18).
-38
Let w(l) = -3*l - 13. Give w(9).
-40
Let c(t) = 90*t + 1. Determine c(-1).
-89
Let q(r) = -r**3 - 10*r**2 + 10*r + 14. Calculate q(-10).
-86
Let l(r) = r**3 + 10*r**2 + 20*r + 91. Give l(-9).
-8
Let k(x) = -x**3 - 9*x**2 + 2*x + 31. Determine k(-9).
13
Let x(p) = p**3 + 5*p**2 - 72*p + 10. Calculate x(6).
-26
Let q(l) = -21*l + 4. Give q(-2).
46
Let v(q) = -q**3 + 16*q**2 + 2. Calculate v(16).
2
Let v(a) = -4*a**2 - 6*a + 17. Determine v(2).
-11
Let a(g) = -g**3 - 3*g**2 + 2*g + 72. Calculate a(0).
72
Let v(y) = y**2 + 31*y + 18. Calculate v(-30).
-12
Let k(o) = 2*o**2 + 27*o + 101. Determine k(-6).
11
Let l(v) = -2*v - 17. What is l(-3)?
-11
Let i(k) = -k**2 - 8*k - 1. What is i(-5)?
14
Let s(k) = -k**3 + 30*k**2 + 133*k + 107. What is s(34)?
5
Let d(t) = -10*t**2 - 2*t + 2. What is d(-2)?
-34
Let x(l) = -l**2 + 2*l + 5. What is x(2)?
5
Let f(d) = -8*d + 16. Calculate f(15).
-104
Let l(x) = 33*x - 170. Determine l(6).
28
Let w(l) = -64*l - 246. Give w(-4).
10
Let a(t) = -t**3 + 18*t**2 - 18*t + 17. What is a(17)?
0
Let z(o) = -8*o - 203. What is z(-26)?
5
Let j(f) = -9*f - 25. Determine j(-3).
2
Let u(f) = -21*f**3 + f. Give u(1).
-20
Let r(v) = v**2 - 9*v + 3. Give r(6).
-15
Let p(q) = -q**2 + 63*q + 982. Give p(76).
-6
Let r(p) = 5*p**2 + 4*p - 1. Give r(-4).
63
Let p(a) = a**2 - 3. Calculate p(2).
1
Let q(n) = -34*n - 9. Calculate q(-1).
25
Let m(i) = -8*i**2 - i + 2. What is m(2)?
-32
Let x(u) = -u**2 + 3*u - 3. Determine x(3).
-3
Let h(k) = k**3 + 15*k**2 - 31*k + 39. Determine h(-17).
-12
Let p(r) = 3*r + 15. What is p(-6)?
-3
Let i(t) = -17*t - 200. Calculate i(-12).
4
Let w(b) = 42*b - 2. Give w(1).
40
Let l(k) = 35*k**2 + 4*k + 3. Calculate l(-1).
34
Let d(g) = 8*g**2 - 2*g - 2. Calculate d(2).
26
Let c(q) = -q**3 - 14*q**2 + 2*q + 3. Determine c(-14).
-25
Let s(u) = -4*u - 38. Give s(-8).
-6
Let k(x) = -x**2 + 10*x - 17. Give k(11).
-28
Let w(y) = 8*y + 1. Determine w(-1).
-7
Let s(k) = k**3 + 2*k**2 - k + 8. Determine s(0).
8
Let m(i) = i**2 + 6*i - 3. What is m(-5)?
-8
Let h(b) = -6*b - 6. Calculate h(0).
-6
Let y(o) = o**3 + 13*o**2 + 12*o + 5. Calculate y(-12).
5
Let a(u) = 5*u - 48. Calculate a(10).
2
Let z(u) = -u + 10. Give z(20).
-10
Let f(n) = -8*n - 24. Determine f(-6).
24
Let m(i) = 12*i + 30. Give m(-7).
-54
Let m(o) = o**3 - 20*o**2 + 34*o + 36. Give m(18).
0
Let s(a) = 12*a + 66. Give s(-9).
-42
Let t(y) = 9*y + 1. Determine t(-2).
-17
Let u(v) = -v**2 - 6*v + 1. What is u(-4)?
9
Let z(b) = b**2 - 4*b - 7. Calculate z(6).
5
Let j(k) = k**2 + k + 2. Calculate j(-6).
32
Let b(d) = 2*d**2 + 6*d - 4. Give b(7).
136
Let o(h) = h**2 - 3*h - 22. Give o(-4).
6
Let y(q) = 8*q - 82. Calculate y(10).
-2
Let z(a) = 74*a + 372. Calculate z(-5).
2
Let j(b) = -b**2 - 9*b + 43. What is j(-13)?
-9
Let l(w) = -w**2 + 11. Give l(0).
11
Let f(v) = v**3 + 5*v**2 - 9*v - 9. What is f(-6)?
9
Let l(g) = -2*g**2 + 84*g - 230. Determine l(39).
4
Let k(l) = 27*l - 1. Calculate k(-2).
-55
Let d(u) = -u**2 - 12*u - 25. Determine d(-6).
11
Let o(y) = -3*y + 51. Determine o(13).
12
Let t(d) = 3*d**2 + 6*d + 2. Determine t(-2).
2
Let i(f) = 13*f**2 + 2. Determine i(2).
54
Let h(b) = -5*b**3 + 4*b**2 - 2*b - 3. What is h(2)?
-31
Let u(o) = -2*o**2 - 5*o - 3. Give u(-2).
-1
Let n(v) = -v**3 + 10*v**2 - 9*v - 10. Calculate n(9).
-10
Let y(l) = 2*l**2 - 46*l + 258. Determine y(13).
-2
Let b(q) = -2*q + 1. Determine b(-8).
17
Let o(c) = c**3 + 10*c**2 + 14. What is o(-10)?
14
Let c(b) = -b**3 - 5*b**2 + b + 4. Calculate c(-4).
-16
Let s(k) = -4*k**2 + 9*k + 5. Give s(2).
7
Let t(s) = -s**2 + 4*s. Give t(2).
4
Let f(q) = q**3 + 4*q**2 - 42*q - 184. What is f(-6)?
-4
Let d(h) = h**2 + 38*h + 168. What is d(-5)?
3
Let r(s) = -s + 20. Determine r(-16).
36
Let b(d) = d**3 - 20*d**2 + d - 8. Give b(20).
12
Let g(c) = c**3 - 13*c**2 - 13*c + 17. Calculate g(14).
31
Let s(c) = 2*c - 10. What is s(4)?
-2
Let x(k) = k + 12. Give x(-7).
5
Let g(x) = -31*x + 58. What is g(2)?
-4
Let r(z) = -z**2 + 2*z + 5. Calculate r(-2).
-3
Let s(f) = -4*f - 9. Determine s(1).
-13
Let m(d) = 4*d + 7. What is m(-3)?
-5
Let k(u) = 3*u + 22. What is k(-8)?
-2
Let x(g) = -4*g - 45. What is x(-12)?
3
Let o(h) = h**3 - 3*h**2 - 9*h - 6. Give o(5).
-1
Let k(b) = b**2 + 13*b - 4. What is k(-13)?
-4
Let g(f) = -2*f**2 - 2*f. What is g(2)?
-12
Let v(r) = -4*r + 14. Determine v(10).
-26
Let o(s) = -7*s - 17. Determine o(-8).
39
Let z(t) = -4*t + 23. Give z(7).
-5
Let c(h) = -6*h + 10. Determine c(-4).
34
Let r(u) = -4*u**2 - 84*u - 15. What is r(-21)?
-15
Let s(g) = -17*g**3 - g**2 + 5*g - 4. Determine s(1).
-17
Let f(u) = u**3 - 13*u**2 + 2*u - 28. Calculate f(13).
-2
Let n(b) = -b**3 + 2*b**2 + 4*b + 7. What is n(5)?
-48
Let h(x) = -x**2 - 4*x + 1. Determine h(-6).
-11
Let j(t) = 3*t - 64. Give j(19).
-7
Let v(d) = -d**3 - 8*d**2 - 7*d - 4. Give v(-7).
-4
Let m(v) = v**3 + 11*v**2 - 13*v - 9. Give m(-12).
3
Let y(g) = g**3 + 14*g**2 - 14*g - 14. Calculate y(-15).
-29
Let h(d) = 4*d**2 + 34*d + 21. Determine h(-8).
5
Let x(m) = -3*m**3 - 9*m**2 - 3*m - 1. Determine x(-2).
-7
Let b(x) = -24*x - 17. Determine b(-1).
7
Let y(f) = f**3 - 9*f**2 + 10. What is y(8)?
-54
Let a(o) = 10*o - 58. Determine a(6).
2
Let l(b) = 5*b**3 + b**2 - b + 1. What is l(-2)?
-33
Let p(u) = 2*u - 27. What is p(12)?
-3
Let s(q) = -q**2 - 4*q + 8. Calculate s(3).
-13
Let q(z) = 7*z - 6. Determine q(4).
22
Let n(i) = -i**2 + 10*i - 33. Determine n(7).
-12
Let q(t) = -2*t - 19. What is q(-8)?
-3
Let h(c) = 12*c - 2. Give h(1).
10
Let a(n) = -n**2 - 3*n + 7. Give a(-9).
-47
Let y(j) = -j + 37. Determine y(-15).
52
Let s(v) = v**2 + 26*v + 49. Determine s(-22).
-39
Let f(n) = -n**2 + 7*n + 7. What is f(5)?
17
Let s(a) = a**2 + 17*a + 59. Determine s(-12).
-1
Let u(z) = -z**2 - 2*z. Determine u(-6).
-24
Let p(k) = -k - 24. Give p(-3).
-21
Let t(w) = 5*w**2 + 96*w + 51. Determine t(-19).
32
Let o(i) = i + 15. What is o(12)?
27
Let z(u) = -2*u**3 + 20*u**2 - 29*u + 93. Give z(9).
-6
Let x(o) = -9*o - 2. Give x(-1).
7
Let z(m) = m**3 + m**2 - m + 15. Determine z(0).
15
Let c(p) = p**3 - 19*p**2 + 5*p - 97. Determine c(19).
-2
Let h(a) = 9*a**2 - 8*a - 9. Give h(-1).
8
Let k(t) = -t**3 + 4*t**2 - 3*t. Calculate k(4).
-12
Let c(z) = z**3 + 2*z**2 + 5*z + 2. Calculate c(-1).
-2
Let b(n) = -7*n - 7. Give b(6).
-49
Let a(y) = 3*y**3 + 10*y**2 - 12*y - 4. Determine a(-5).
-69
Let y(g) = 78*g - 531. Determine y(7).
15
Let u(k) = -k**3 + 2*k**2 + 13*k - 16. Determine u(4).
4
Let m(h) = -35*h + 104. What is m(3)?
-1
Let w(k) = -9*k + 41. Calculate w(-3).
68
Let o(u) = -u**3 + 5*u**2 - u - 2. Calculate o(5).
-7
Let a(w) = -w**2 + 21*w - 25. Determine a(20).
-5
Let o(d) = -16*d - 1. Give o(1).
-17
Let o(t) = 6*t - 5. Calculate o(7).
37
Let w(o) = -o**2 + 3*o + 4. Determine w(4).
0
Let b(h) = 3*h - 13. Determine b(6).
5
Let g(l) = l**3 + 8*l**2 - 20*l + 3. What is g(-10)?
3
Let p(h) = 44*h - 1. What is p(-1)?
-45
Let n(z) = 7*z**2 + 2*z - 1. Calculate n(-3).
56
Let i(n) = -92*n - 633. Give i(-7).
11
Let r(n) = n**2 - 18*n + 10. Give r(18).
10
Let z(r) = -5*r + 78. What is z(16)?
-2
Let p(s) = 4*s + 5. What is p(-3)?
-7
Let y(j) = -j**3 + 4*j**2 + 3*j - 4. Calculate y(-3).
50
Let o(w) = 4*w + 201. Determine o(-50).
1
Let r(c) = c**3 - 7*c**2 + 14. Give r(6).
-22
Let t(w) = -w**2 + 16*w - 14. What is t(9)?
49
Let w(t) = -t**3 + 23*t**2 - 131*t + 12. What is w(13)?
-1
Let l(n) = -n**2 + 17*n - 27. Determine l(15).
3
Let v(k) = -k**2 + 9*k + 5. Give v(-6).
-85
Let y(f) = -f**3 - 12*f**2 + 2*f + 9. Give y(-12).
-15
Let y(t) = 9*t**2 - 5*t + 4. Determine y(1).
8
Let g(o) = -o**3 + 15*o**2 - 15*o + 9. Determine g(14).
-5
Let q(s) = 2*s**3 + 23*s**2 + 14*s - 3. Calculate q(-11).
-36
Let y(g) = g**2 - 22*g + 61. Give y(19).
4
Let h(a) = a**3 - 23*a**2 + 26*a - 99. Calculate h(22).
-11
Let u(t) = -t**2 - 4*t + 116. Give u(9).
-1
Let s(j) = -j**3 - 8*j**2 - 5*j - 3. What is s(-7)?
-17
Let t(z) =